 remainder when 255 is divided by 78?
21
Calculate the remainder when 511 is divided by 130.
121
What is the remainder when 4853 is divided by 135?
128
Calculate the remainder when 523 is divided by 126.
19
What is the remainder when 161 is divided by 56?
49
Calculate the remainder when 1150 is divided by 64.
62
Calculate the remainder when 658 is divided by 10.
8
What is the remainder when 297 is divided by 75?
72
Calculate the remainder when 403 is divided by 14.
11
What is the remainder when 119 is divided by 23?
4
Calculate the remainder when 427 is divided by 86.
83
Calculate the remainder when 1038 is divided by 33.
15
What is the remainder when 209 is divided by 7?
6
Calculate the remainder when 3378 is divided by 161.
158
Calculate the remainder when 460 is divided by 66.
64
Calculate the remainder when 165 is divided by 49.
18
What is the remainder when 4505 is divided by 82?
77
Calculate the remainder when 123 is divided by 6.
3
What is the remainder when 253 is divided by 17?
15
What is the remainder when 14838 is divided by 51?
48
Calculate the remainder when 4705 is divided by 62.
55
What is the remainder when 156 is divided by 19?
4
Calculate the remainder when 1456 is divided by 27.
25
What is the remainder when 11757 is divided by 14?
11
Calculate the remainder when 215 is divided by 10.
5
What is the remainder when 20433 is divided by 29?
17
Calculate the remainder when 1058 is divided by 270.
248
Calculate the remainder when 1001 is divided by 993.
8
What is the remainder when 870 is divided by 434?
2
What is the remainder when 2309 is divided by 66?
65
What is the remainder when 39 is divided by 1?
0
Calculate the remainder when 499 is divided by 20.
19
What is the remainder when 100 is divided by 2?
0
What is the remainder when 184 is divided by 49?
37
What is the remainder when 1093 is divided by 519?
55
What is the remainder when 230 is divided by 38?
2
Calculate the remainder when 1878 is divided by 47.
45
Calculate the remainder when 314 is divided by 34.
8
Calculate the remainder when 12967 is divided by 4321.
4
What is the remainder when 1245 is divided by 39?
36
What is the remainder when 287 is divided by 72?
71
What is the remainder when 1964 is divided by 488?
12
What is the remainder when 181 is divided by 46?
43
What is the remainder when 80 is divided by 78?
2
What is the remainder when 14901 is divided by 72?
69
Calculate the remainder when 113 is divided by 89.
24
What is the remainder when 115 is divided by 31?
22
Calculate the remainder when 147 is divided by 9.
3
What is the remainder when 1036 is divided by 20?
16
What is the remainder when 1258 is divided by 10?
8
What is the remainder when 194 is divided by 71?
52
Calculate the remainder when 7073 is divided by 3531.
11
Calculate the remainder when 93 is divided by 19.
17
What is the remainder when 727 is divided by 5?
2
Calculate the remainder when 53 is divided by 5.
3
What is the remainder when 655 is divided by 15?
10
What is the remainder when 61 is divided by 21?
19
Calculate the remainder when 4407 is divided by 45.
42
Calculate the remainder when 335 is divided by 109.
8
What is the remainder when 9406 is divided by 26?
20
Calculate the remainder when 15967 is divided by 10.
7
Calculate the remainder when 466 is divided by 150.
16
What is the remainder when 1668 is divided by 822?
24
What is the remainder when 678 is divided by 18?
12
What is the remainder when 81 is divided by 45?
36
Calculate the remainder when 3049 is divided by 10.
9
What is the remainder when 3870 is divided by 154?
20
What is the remainder when 648 is divided by 26?
24
Calculate the remainder when 3074 is divided by 512.
2
What is the remainder when 276 is divided by 8?
4
Calculate the remainder when 4861 is divided by 31.
25
Calculate the remainder when 257 is divided by 52.
49
Calculate the remainder when 211 is divided by 37.
26
Calculate the remainder when 60 is divided by 14.
4
Calculate the remainder when 68 is divided by 5.
3
What is the remainder when 287 is divided by 52?
27
What is the remainder when 152 is divided by 16?
8
What is the remainder when 244 is divided by 42?
34
Calculate the remainder when 184 is divided by 99.
85
What is the remainder when 3383 is divided by 11?
6
Calculate the remainder when 16442 is divided by 189.
188
Calculate the remainder when 6063 is divided by 41.
36
What is the remainder when 50 is divided by 7?
1
Calculate the remainder when 6282 is divided by 1568.
10
What is the remainder when 65 is divided by 20?
5
What is the remainder when 150 is divided by 14?
10
Calculate the remainder when 279 is divided by 10.
9
Calculate the remainder when 146 is divided by 66.
14
Calculate the remainder when 108 is divided by 38.
32
Calculate the remainder when 895 is divided by 25.
20
Calculate the remainder when 262 is divided by 38.
34
What is the remainder when 4368 is divided by 163?
130
What is the remainder when 2744 is divided by 1359?
26
Calculate the remainder when 112 is divided by 73.
39
Calculate the remainder when 25 is divided by 4.
1
Calculate the remainder when 256 is divided by 43.
41
What is the remainder when 26 is divided by 26?
0
Calculate the remainder when 848 is divided by 23.
20
What is the remainder when 11531 is divided by 19?
17
Calculate the remainder when 628 is divided by 28.
12
Calculate the remainder when 1494 is divided by 14.
10
What is the remainder when 67 is divided by 37?
30
Calculate the remainder when 14 is divided by 2.
0
What is the remainder when 253 is divided by 22?
11
Calculate the remainder when 2517 is divided by 70.
67
What is the remainder when 1444 is divided by 85?
84
Calculate the remainder when 18569 is divided by 49.
47
Calculate the remainder when 645 is divided by 288.
69
What is the remainder when 271 is divided by 86?
13
Calculate the remainder when 660 is divided by 215.
15
Calculate the remainder when 10478 is divided by 80.
78
What is the remainder when 126 is divided by 20?
6
Calculate the remainder when 178 is divided by 11.
2
Calculate the remainder when 329 is divided by 23.
7
Calculate the remainder when 249 is divided by 15.
9
Calculate the remainder when 254 is divided by 32.
30
What is the remainder when 235 is divided by 63?
46
Calculate the remainder when 164 is divided by 14.
10
Calculate the remainder when 70 is divided by 24.
22
What is the remainder when 58 is divided by 32?
26
What is the remainder when 355 is divided by 78?
43
What is the remainder when 2708 is divided by 227?
211
Calculate the remainder when 378 is divided by 3.
0
What is the remainder when 193 is divided by 14?
11
Calculate the remainder when 50 is divided by 19.
12
Calculate the remainder when 2692 is divided by 35.
32
What is the remainder when 28 is divided by 24?
4
What is the remainder when 119 is divided by 32?
23
What is the remainder when 28 is divided by 9?
1
What is the remainder when 911 is divided by 36?
11
What is the remainder when 797 is divided by 62?
53
Calculate the remainder when 609 is divided by 12.
9
What is the remainder when 1178 is divided by 12?
2
What is the remainder when 386 is divided by 30?
26
Calculate the remainder when 220 is divided by 4.
0
What is the remainder when 26 is divided by 3?
2
Calculate the remainder when 1811 is divided by 259.
257
What is the remainder when 248 is divided by 39?
14
What is the remainder when 668 is divided by 91?
31
Calculate the remainder when 381 is divided by 3.
0
What is the remainder when 179 is divided by 36?
35
Calculate the remainder when 668 is divided by 13.
5
Calculate the remainder when 405 is divided by 102.
99
Calculate the remainder when 3609 is divided by 106.
5
What is the remainder when 417 is divided by 42?
39
What is the remainder when 2339 is divided by 52?
51
Calculate the remainder when 899 is divided by 9.
8
Calculate the remainder when 53 is divided by 32.
21
What is the remainder when 206 is divided by 182?
24
What is the remainder when 1104 is divided by 190?
154
What is the remainder when 469 is divided by 3?
1
Calculate the remainder when 124 is divided by 67.
57
Calculate the remainder when 596 is divided by 46.
44
What is the remainder when 17819 is divided by 30?
29
Calculate the remainder when 1